{"id":6338,"date":"2024-05-07T22:28:43","date_gmt":"2024-05-08T04:28:43","guid":{"rendered":"https:\/\/camilaherreracr.com\/cooljewels\/producto\/happiness\/"},"modified":"2024-05-08T20:56:15","modified_gmt":"2024-05-09T02:56:15","slug":"happiness","status":"publish","type":"product","link":"https:\/\/camilaherreracr.com\/cooljewels\/producto\/happiness\/","title":{"rendered":"Happiness"},"content":{"rendered":"<p>Un collar confeccionado con pukas y adornado con peque\u00f1as representaciones de caritas felices, logrando as\u00ed una combinaci\u00f3n entre elementos divertidos y llamativos que aportan una singularidad distintiva al accesorio.<\/p>\n","protected":false},"excerpt":{"rendered":"<p>Un collar confeccionado con pukas de colores y caritas felices.<\/p>\n","protected":false},"featured_media":6612,"template":"","meta":{"om_disable_all_campaigns":false,"_monsterinsights_skip_tracking":false,"_monsterinsights_sitenote_active":false,"_monsterinsights_sitenote_note":"","_monsterinsights_sitenote_category":0,"_uf_show_specific_survey":0,"_uf_disable_surveys":false},"product_cat":[160,159,170],"product_tag":[168,156,161,157],"aioseo_notices":[],"jetpack_sharing_enabled":true,"_links":{"self":[{"href":"https:\/\/camilaherreracr.com\/cooljewels\/wp-json\/wp\/v2\/product\/6338"}],"collection":[{"href":"https:\/\/camilaherreracr.com\/cooljewels\/wp-json\/wp\/v2\/product"}],"about":[{"href":"https:\/\/camilaherreracr.com\/cooljewels\/wp-json\/wp\/v2\/types\/product"}],"wp:featuredmedia":[{"embeddable":true,"href":"https:\/\/camilaherreracr.com\/cooljewels\/wp-json\/wp\/v2\/media\/6612"}],"wp:attachment":[{"href":"https:\/\/camilaherreracr.com\/cooljewels\/wp-json\/wp\/v2\/media?parent=6338"}],"wp:term":[{"taxonomy":"product_cat","embeddable":true,"href":"https:\/\/camilaherreracr.com\/cooljewels\/wp-json\/wp\/v2\/product_cat?post=6338"},{"taxonomy":"product_tag","embeddable":true,"href":"https:\/\/camilaherreracr.com\/cooljewels\/wp-json\/wp\/v2\/product_tag?post=6338"}],"curies":[{"name":"wp","href":"https:\/\/api.w.org\/{rel}","templated":true}]}}