{"id":6315,"date":"2024-05-07T22:28:41","date_gmt":"2024-05-08T04:28:41","guid":{"rendered":"https:\/\/camilaherreracr.com\/cooljewels\/producto\/cometa\/"},"modified":"2024-05-08T20:56:14","modified_gmt":"2024-05-09T02:56:14","slug":"cometa","status":"publish","type":"product","link":"https:\/\/camilaherreracr.com\/cooljewels\/producto\/cometa\/","title":{"rendered":"Cometa"},"content":{"rendered":"<p>Un collar ajustado confeccionado con pucas y perlas, enriquecido a\u00fan m\u00e1s por la incorporaci\u00f3n de una estrella central como elemento destacado. La presencia de esta estrella central no solo realza visualmente el collar, sino que tambi\u00e9n aporta un elemento focal que captura la atenci\u00f3n.<\/p>\n","protected":false},"excerpt":{"rendered":"<p>Un collar ajustado que incorpora elementos como pukas, perlas y un abalorio de estrella.<\/p>\n","protected":false},"featured_media":6605,"template":"","meta":{"om_disable_all_campaigns":false,"_monsterinsights_skip_tracking":false,"_monsterinsights_sitenote_active":false,"_monsterinsights_sitenote_note":"","_monsterinsights_sitenote_category":0,"_uf_show_specific_survey":0,"_uf_disable_surveys":false},"product_cat":[160,159],"product_tag":[168,156,161,157],"aioseo_notices":[],"jetpack_sharing_enabled":true,"_links":{"self":[{"href":"https:\/\/camilaherreracr.com\/cooljewels\/wp-json\/wp\/v2\/product\/6315"}],"collection":[{"href":"https:\/\/camilaherreracr.com\/cooljewels\/wp-json\/wp\/v2\/product"}],"about":[{"href":"https:\/\/camilaherreracr.com\/cooljewels\/wp-json\/wp\/v2\/types\/product"}],"wp:featuredmedia":[{"embeddable":true,"href":"https:\/\/camilaherreracr.com\/cooljewels\/wp-json\/wp\/v2\/media\/6605"}],"wp:attachment":[{"href":"https:\/\/camilaherreracr.com\/cooljewels\/wp-json\/wp\/v2\/media?parent=6315"}],"wp:term":[{"taxonomy":"product_cat","embeddable":true,"href":"https:\/\/camilaherreracr.com\/cooljewels\/wp-json\/wp\/v2\/product_cat?post=6315"},{"taxonomy":"product_tag","embeddable":true,"href":"https:\/\/camilaherreracr.com\/cooljewels\/wp-json\/wp\/v2\/product_tag?post=6315"}],"curies":[{"name":"wp","href":"https:\/\/api.w.org\/{rel}","templated":true}]}}