{"id":6285,"date":"2024-05-07T22:28:34","date_gmt":"2024-05-08T04:28:34","guid":{"rendered":"https:\/\/camilaherreracr.com\/cooljewels\/producto\/amore\/"},"modified":"2024-05-08T20:55:37","modified_gmt":"2024-05-09T02:55:37","slug":"amore","status":"publish","type":"product","link":"https:\/\/camilaherreracr.com\/cooljewels\/producto\/amore\/","title":{"rendered":"Amore"},"content":{"rendered":"<p>Un collar de tonalidad plateada, enriquecido con la presencia de perlas cultivadas y un distinguido dije en forma de coraz\u00f3n de cristal drusi. Este accesorio fusiona la sofisticaci\u00f3n del acero con la belleza natural de las perlas y la singularidad del coraz\u00f3n drusi, creando una pieza de joyer\u00eda que cautiva por su distinci\u00f3n y encanto.<\/p>\n","protected":false},"excerpt":{"rendered":"<p>Collar de acero inoxidable con un dije en forma de coraz\u00f3n de cristal drusi.<\/p>\n","protected":false},"featured_media":6441,"template":"","meta":{"om_disable_all_campaigns":false,"_monsterinsights_skip_tracking":false,"_monsterinsights_sitenote_active":false,"_monsterinsights_sitenote_note":"","_monsterinsights_sitenote_category":0,"_uf_show_specific_survey":0,"_uf_disable_surveys":false},"product_cat":[162,159],"product_tag":[158,156,157],"aioseo_notices":[],"jetpack_sharing_enabled":true,"_links":{"self":[{"href":"https:\/\/camilaherreracr.com\/cooljewels\/wp-json\/wp\/v2\/product\/6285"}],"collection":[{"href":"https:\/\/camilaherreracr.com\/cooljewels\/wp-json\/wp\/v2\/product"}],"about":[{"href":"https:\/\/camilaherreracr.com\/cooljewels\/wp-json\/wp\/v2\/types\/product"}],"wp:featuredmedia":[{"embeddable":true,"href":"https:\/\/camilaherreracr.com\/cooljewels\/wp-json\/wp\/v2\/media\/6441"}],"wp:attachment":[{"href":"https:\/\/camilaherreracr.com\/cooljewels\/wp-json\/wp\/v2\/media?parent=6285"}],"wp:term":[{"taxonomy":"product_cat","embeddable":true,"href":"https:\/\/camilaherreracr.com\/cooljewels\/wp-json\/wp\/v2\/product_cat?post=6285"},{"taxonomy":"product_tag","embeddable":true,"href":"https:\/\/camilaherreracr.com\/cooljewels\/wp-json\/wp\/v2\/product_tag?post=6285"}],"curies":[{"name":"wp","href":"https:\/\/api.w.org\/{rel}","templated":true}]}}