{"id":6648,"date":"2024-05-08T17:45:55","date_gmt":"2024-05-08T23:45:55","guid":{"rendered":"https:\/\/camilaherreracr.com\/cooljewels\/?page_id=6648"},"modified":"2024-05-08T17:47:32","modified_gmt":"2024-05-08T23:47:32","slug":"vision","status":"publish","type":"page","link":"https:\/\/camilaherreracr.com\/cooljewels\/vision\/","title":{"rendered":"Visi\u00f3n"},"content":{"rendered":"\t\t<div data-elementor-type=\"wp-page\" data-elementor-id=\"6648\" class=\"elementor elementor-6648\">\n\t\t\t\t\t\t\t<div class=\"elementor-element elementor-element-8e9c746 e-con-full e-flex e-con e-parent\" data-id=\"8e9c746\" data-element_type=\"container\" data-settings=\"{&quot;content_width&quot;:&quot;full&quot;}\" data-core-v316-plus=\"true\">\n\t\t\t\t<div class=\"elementor-element elementor-element-30e4684 elementor-widget elementor-widget-text-editor\" data-id=\"30e4684\" data-element_type=\"widget\" data-widget_type=\"text-editor.default\">\n\t\t\t\t<div class=\"elementor-widget-container\">\n\t\t\t<style>\/*! elementor - v3.18.0 - 08-12-2023 *\/\n.elementor-widget-text-editor.elementor-drop-cap-view-stacked .elementor-drop-cap{background-color:#69727d;color:#fff}.elementor-widget-text-editor.elementor-drop-cap-view-framed .elementor-drop-cap{color:#69727d;border:3px solid;background-color:transparent}.elementor-widget-text-editor:not(.elementor-drop-cap-view-default) .elementor-drop-cap{margin-top:8px}.elementor-widget-text-editor:not(.elementor-drop-cap-view-default) .elementor-drop-cap-letter{width:1em;height:1em}.elementor-widget-text-editor .elementor-drop-cap{float:left;text-align:center;line-height:1;font-size:50px}.elementor-widget-text-editor .elementor-drop-cap-letter{display:inline-block}<\/style>\t\t\t\t<p class=\"p1\">Imaginamos un mundo en el que cada uno pueda expresarse de manera aut\u00e9ntica y segura a trav\u00e9s de nuestra joyer\u00eda \u00fanica y divertida. Visualizamos a nuestra marca como un faro de creatividad y empoderamiento juvenil, donde la individualidad es celebrada y la confianza en s\u00ed mismo se cultiva. Nos esforzamos por ser la elecci\u00f3n natural de j\u00f3venes de todo el mundo, redefiniendo la joyer\u00eda juvenil y estableciendo un est\u00e1ndar inigualable de estilo, calidad y autenticidad.<\/p>\t\t\t\t\t\t<\/div>\n\t\t\t\t<\/div>\n\t\t\t\t<\/div>\n\t\t\t\t\t\t\t<\/div>\n\t\t","protected":false},"excerpt":{"rendered":"<p>Imaginamos un mundo en el que cada uno pueda expresarse de manera aut\u00e9ntica y segura a trav\u00e9s de nuestra joyer\u00eda \u00fanica y divertida. Visualizamos a nuestra marca como un faro de creatividad y empoderamiento juvenil, donde la individualidad es celebrada y la confianza en s\u00ed mismo se cultiva. Nos esforzamos por ser la elecci\u00f3n natural [&hellip;]<\/p>\n","protected":false},"author":1,"featured_media":0,"parent":0,"menu_order":0,"comment_status":"closed","ping_status":"closed","template":"","meta":{"om_disable_all_campaigns":false,"_monsterinsights_skip_tracking":false,"_monsterinsights_sitenote_active":false,"_monsterinsights_sitenote_note":"","_monsterinsights_sitenote_category":0,"_uf_show_specific_survey":0,"_uf_disable_surveys":false,"footnotes":""},"aioseo_notices":[],"jetpack_sharing_enabled":true,"_links":{"self":[{"href":"https:\/\/camilaherreracr.com\/cooljewels\/wp-json\/wp\/v2\/pages\/6648"}],"collection":[{"href":"https:\/\/camilaherreracr.com\/cooljewels\/wp-json\/wp\/v2\/pages"}],"about":[{"href":"https:\/\/camilaherreracr.com\/cooljewels\/wp-json\/wp\/v2\/types\/page"}],"author":[{"embeddable":true,"href":"https:\/\/camilaherreracr.com\/cooljewels\/wp-json\/wp\/v2\/users\/1"}],"replies":[{"embeddable":true,"href":"https:\/\/camilaherreracr.com\/cooljewels\/wp-json\/wp\/v2\/comments?post=6648"}],"version-history":[{"count":4,"href":"https:\/\/camilaherreracr.com\/cooljewels\/wp-json\/wp\/v2\/pages\/6648\/revisions"}],"predecessor-version":[{"id":6652,"href":"https:\/\/camilaherreracr.com\/cooljewels\/wp-json\/wp\/v2\/pages\/6648\/revisions\/6652"}],"wp:attachment":[{"href":"https:\/\/camilaherreracr.com\/cooljewels\/wp-json\/wp\/v2\/media?parent=6648"}],"curies":[{"name":"wp","href":"https:\/\/api.w.org\/{rel}","templated":true}]}}