{"id":9475,"date":"2024-02-23T00:13:29","date_gmt":"2024-02-23T06:13:29","guid":{"rendered":"https:\/\/camilaherreracr.com\/artdesigns?post_type=product&#038;p=9475"},"modified":"2024-02-23T00:13:29","modified_gmt":"2024-02-23T06:13:29","slug":"wild-heart","status":"publish","type":"product","link":"https:\/\/camilaherreracr.com\/artdesigns\/producto\/wild-heart\/","title":{"rendered":"Wild heart"},"content":{"rendered":"<p>Una cadena confeccionada en acero inoxidable dorado, complementada por un colgante con forma de coraz\u00f3n, exhibiendo una combinaci\u00f3n de materiales que resalta la durabilidad del acero inoxidable y la expresi\u00f3n simb\u00f3lica del coraz\u00f3n, resultando en una pieza de joyer\u00eda minimalista.<\/p>\n","protected":false},"excerpt":{"rendered":"<p>Una cadena con un colgante en forma de coraz\u00f3n.<\/p>\n","protected":false},"featured_media":9473,"comment_status":"open","ping_status":"closed","template":"","meta":{"om_disable_all_campaigns":false,"_monsterinsights_skip_tracking":false,"_monsterinsights_sitenote_active":false,"_monsterinsights_sitenote_note":"","_monsterinsights_sitenote_category":0,"_uf_show_specific_survey":0,"_uf_disable_surveys":false},"product_cat":[177,31],"product_tag":[192,181,102,185],"aioseo_notices":[],"jetpack_sharing_enabled":true,"_links":{"self":[{"href":"https:\/\/camilaherreracr.com\/artdesigns\/wp-json\/wp\/v2\/product\/9475"}],"collection":[{"href":"https:\/\/camilaherreracr.com\/artdesigns\/wp-json\/wp\/v2\/product"}],"about":[{"href":"https:\/\/camilaherreracr.com\/artdesigns\/wp-json\/wp\/v2\/types\/product"}],"replies":[{"embeddable":true,"href":"https:\/\/camilaherreracr.com\/artdesigns\/wp-json\/wp\/v2\/comments?post=9475"}],"version-history":[{"count":1,"href":"https:\/\/camilaherreracr.com\/artdesigns\/wp-json\/wp\/v2\/product\/9475\/revisions"}],"predecessor-version":[{"id":9500,"href":"https:\/\/camilaherreracr.com\/artdesigns\/wp-json\/wp\/v2\/product\/9475\/revisions\/9500"}],"wp:featuredmedia":[{"embeddable":true,"href":"https:\/\/camilaherreracr.com\/artdesigns\/wp-json\/wp\/v2\/media\/9473"}],"wp:attachment":[{"href":"https:\/\/camilaherreracr.com\/artdesigns\/wp-json\/wp\/v2\/media?parent=9475"}],"wp:term":[{"taxonomy":"product_cat","embeddable":true,"href":"https:\/\/camilaherreracr.com\/artdesigns\/wp-json\/wp\/v2\/product_cat?post=9475"},{"taxonomy":"product_tag","embeddable":true,"href":"https:\/\/camilaherreracr.com\/artdesigns\/wp-json\/wp\/v2\/product_tag?post=9475"}],"curies":[{"name":"wp","href":"https:\/\/api.w.org\/{rel}","templated":true}]}}