{"id":9408,"date":"2024-02-22T23:25:55","date_gmt":"2024-02-23T05:25:55","guid":{"rendered":"https:\/\/camilaherreracr.com\/artdesignsproducto\/salacia-set\/"},"modified":"2024-08-16T08:24:35","modified_gmt":"2024-08-16T14:24:35","slug":"salacia-set","status":"publish","type":"product","link":"https:\/\/camilaherreracr.com\/artdesigns\/producto\/salacia-set\/","title":{"rendered":"Salacia set"},"content":{"rendered":"<p>Conjunto que incluye un collar elaborado con piedras naturales, acompa\u00f1ado por un tr\u00edo de pulseras tambi\u00e9n confeccionadas con las mismas piedras naturales.<\/p>\n","protected":false},"excerpt":{"rendered":"<p>Set de collar y pulseras.<\/p>\n","protected":false},"featured_media":10238,"comment_status":"closed","ping_status":"closed","template":"","meta":{"om_disable_all_campaigns":false,"_monsterinsights_skip_tracking":false,"_monsterinsights_sitenote_active":false,"_monsterinsights_sitenote_note":"","_monsterinsights_sitenote_category":0,"_uf_show_specific_survey":0,"_uf_disable_surveys":false},"product_cat":[176],"product_tag":[181,102,185],"aioseo_notices":[],"jetpack_sharing_enabled":true,"_links":{"self":[{"href":"https:\/\/camilaherreracr.com\/artdesigns\/wp-json\/wp\/v2\/product\/9408"}],"collection":[{"href":"https:\/\/camilaherreracr.com\/artdesigns\/wp-json\/wp\/v2\/product"}],"about":[{"href":"https:\/\/camilaherreracr.com\/artdesigns\/wp-json\/wp\/v2\/types\/product"}],"replies":[{"embeddable":true,"href":"https:\/\/camilaherreracr.com\/artdesigns\/wp-json\/wp\/v2\/comments?post=9408"}],"version-history":[{"count":2,"href":"https:\/\/camilaherreracr.com\/artdesigns\/wp-json\/wp\/v2\/product\/9408\/revisions"}],"predecessor-version":[{"id":10239,"href":"https:\/\/camilaherreracr.com\/artdesigns\/wp-json\/wp\/v2\/product\/9408\/revisions\/10239"}],"wp:featuredmedia":[{"embeddable":true,"href":"https:\/\/camilaherreracr.com\/artdesigns\/wp-json\/wp\/v2\/media\/10238"}],"wp:attachment":[{"href":"https:\/\/camilaherreracr.com\/artdesigns\/wp-json\/wp\/v2\/media?parent=9408"}],"wp:term":[{"taxonomy":"product_cat","embeddable":true,"href":"https:\/\/camilaherreracr.com\/artdesigns\/wp-json\/wp\/v2\/product_cat?post=9408"},{"taxonomy":"product_tag","embeddable":true,"href":"https:\/\/camilaherreracr.com\/artdesigns\/wp-json\/wp\/v2\/product_tag?post=9408"}],"curies":[{"name":"wp","href":"https:\/\/api.w.org\/{rel}","templated":true}]}}