{"id":9355,"date":"2024-02-22T23:21:31","date_gmt":"2024-02-23T05:21:31","guid":{"rendered":"https:\/\/camilaherreracr.com\/artdesignsproducto\/paves\/"},"modified":"2024-02-22T23:21:31","modified_gmt":"2024-02-23T05:21:31","slug":"paves","status":"publish","type":"product","link":"https:\/\/camilaherreracr.com\/artdesigns\/producto\/paves\/","title":{"rendered":"Pav\u00e9s"},"content":{"rendered":"<p>Un collar compuesto por eslabones de acero inoxidable que exhiben una notoria robustez y elegancia, fusionados armoniosamente con la presencia destacada de una perla cultivada de forma plana. Este accesorio no solo refleja la durabilidad y distinci\u00f3n del acero inoxidable en su dise\u00f1o, sino que tambi\u00e9n aporta un toque de sofisticaci\u00f3n con la perla cultivada, la cual, con su forma plana, a\u00f1ade una dimensi\u00f3n adicional de elegancia a la pieza.<\/p>\n","protected":false},"excerpt":{"rendered":"<p>Collar de eslabones dorados y perlas cultivadas blancas<\/p>\n","protected":false},"featured_media":9354,"comment_status":"open","ping_status":"closed","template":"","meta":{"om_disable_all_campaigns":false,"_monsterinsights_skip_tracking":false,"_monsterinsights_sitenote_active":false,"_monsterinsights_sitenote_note":"","_monsterinsights_sitenote_category":0,"_uf_show_specific_survey":0,"_uf_disable_surveys":false},"product_cat":[177,31],"product_tag":[194,186,181,185],"aioseo_notices":[],"jetpack_sharing_enabled":true,"_links":{"self":[{"href":"https:\/\/camilaherreracr.com\/artdesigns\/wp-json\/wp\/v2\/product\/9355"}],"collection":[{"href":"https:\/\/camilaherreracr.com\/artdesigns\/wp-json\/wp\/v2\/product"}],"about":[{"href":"https:\/\/camilaherreracr.com\/artdesigns\/wp-json\/wp\/v2\/types\/product"}],"replies":[{"embeddable":true,"href":"https:\/\/camilaherreracr.com\/artdesigns\/wp-json\/wp\/v2\/comments?post=9355"}],"version-history":[{"count":0,"href":"https:\/\/camilaherreracr.com\/artdesigns\/wp-json\/wp\/v2\/product\/9355\/revisions"}],"wp:featuredmedia":[{"embeddable":true,"href":"https:\/\/camilaherreracr.com\/artdesigns\/wp-json\/wp\/v2\/media\/9354"}],"wp:attachment":[{"href":"https:\/\/camilaherreracr.com\/artdesigns\/wp-json\/wp\/v2\/media?parent=9355"}],"wp:term":[{"taxonomy":"product_cat","embeddable":true,"href":"https:\/\/camilaherreracr.com\/artdesigns\/wp-json\/wp\/v2\/product_cat?post=9355"},{"taxonomy":"product_tag","embeddable":true,"href":"https:\/\/camilaherreracr.com\/artdesigns\/wp-json\/wp\/v2\/product_tag?post=9355"}],"curies":[{"name":"wp","href":"https:\/\/api.w.org\/{rel}","templated":true}]}}