{"id":9234,"date":"2024-02-22T23:11:16","date_gmt":"2024-02-23T05:11:16","guid":{"rendered":"https:\/\/camilaherreracr.com\/artdesignsproducto\/ligeiro\/"},"modified":"2024-08-16T08:24:33","modified_gmt":"2024-08-16T14:24:33","slug":"ligeiro","status":"publish","type":"product","link":"https:\/\/camilaherreracr.com\/artdesigns\/producto\/ligeiro\/","title":{"rendered":"Ligeiro"},"content":{"rendered":"<p>Una cadena, confeccionada con acero inoxidable dorado. Adornada con piedras amatistas de tonalidades p\u00farpuras que a\u00f1aden un toque de distinci\u00f3n y sofisticaci\u00f3n. Complementando esta composici\u00f3n, se encuentran dijes igualmente elaborados en acero inoxidable, aportando una est\u00e9tica cohesiva a esta pieza \u00fanica de joyer\u00eda.<\/p>\n","protected":false},"excerpt":{"rendered":"<p>Una cadena de acero inoxidable dorado con dijes del mismo material, engalanada con piedras amatistas.<\/p>\n","protected":false},"featured_media":9232,"comment_status":"closed","ping_status":"closed","template":"","meta":{"om_disable_all_campaigns":false,"_monsterinsights_skip_tracking":false,"_monsterinsights_sitenote_active":false,"_monsterinsights_sitenote_note":"","_monsterinsights_sitenote_category":0,"_uf_show_specific_survey":0,"_uf_disable_surveys":false},"product_cat":[177,31],"product_tag":[192,181,102,185],"aioseo_notices":[],"jetpack_sharing_enabled":true,"_links":{"self":[{"href":"https:\/\/camilaherreracr.com\/artdesigns\/wp-json\/wp\/v2\/product\/9234"}],"collection":[{"href":"https:\/\/camilaherreracr.com\/artdesigns\/wp-json\/wp\/v2\/product"}],"about":[{"href":"https:\/\/camilaherreracr.com\/artdesigns\/wp-json\/wp\/v2\/types\/product"}],"replies":[{"embeddable":true,"href":"https:\/\/camilaherreracr.com\/artdesigns\/wp-json\/wp\/v2\/comments?post=9234"}],"version-history":[{"count":1,"href":"https:\/\/camilaherreracr.com\/artdesigns\/wp-json\/wp\/v2\/product\/9234\/revisions"}],"predecessor-version":[{"id":10218,"href":"https:\/\/camilaherreracr.com\/artdesigns\/wp-json\/wp\/v2\/product\/9234\/revisions\/10218"}],"wp:featuredmedia":[{"embeddable":true,"href":"https:\/\/camilaherreracr.com\/artdesigns\/wp-json\/wp\/v2\/media\/9232"}],"wp:attachment":[{"href":"https:\/\/camilaherreracr.com\/artdesigns\/wp-json\/wp\/v2\/media?parent=9234"}],"wp:term":[{"taxonomy":"product_cat","embeddable":true,"href":"https:\/\/camilaherreracr.com\/artdesigns\/wp-json\/wp\/v2\/product_cat?post=9234"},{"taxonomy":"product_tag","embeddable":true,"href":"https:\/\/camilaherreracr.com\/artdesigns\/wp-json\/wp\/v2\/product_tag?post=9234"}],"curies":[{"name":"wp","href":"https:\/\/api.w.org\/{rel}","templated":true}]}}