{"id":9129,"date":"2024-02-22T23:01:34","date_gmt":"2024-02-23T05:01:34","guid":{"rendered":"https:\/\/camilaherreracr.com\/artdesignsproducto\/cherry-night\/"},"modified":"2024-08-16T08:24:33","modified_gmt":"2024-08-16T14:24:33","slug":"cherry-night","status":"publish","type":"product","link":"https:\/\/camilaherreracr.com\/artdesigns\/producto\/cherry-night\/","title":{"rendered":"Cherry night"},"content":{"rendered":"<p>Un collar elaborado con perlas y una piedras picadas en tonalidad roja, que fusiona la distinci\u00f3n cl\u00e1sica de las perlas con la singularidad art\u00edstica de la piedra, resultando en una joya que equilibra la elegancia con el atractivo visual de la piedra roja.<\/p>\n","protected":false},"excerpt":{"rendered":"<p>Un collar elaborado con perlas y una piedras picadas en tonalidad roja<\/p>\n","protected":false},"featured_media":9128,"comment_status":"closed","ping_status":"closed","template":"","meta":{"om_disable_all_campaigns":false,"_monsterinsights_skip_tracking":false,"_monsterinsights_sitenote_active":false,"_monsterinsights_sitenote_note":"","_monsterinsights_sitenote_category":0,"_uf_show_specific_survey":0,"_uf_disable_surveys":false},"product_cat":[31],"product_tag":[181,185],"aioseo_notices":[],"jetpack_sharing_enabled":true,"_links":{"self":[{"href":"https:\/\/camilaherreracr.com\/artdesigns\/wp-json\/wp\/v2\/product\/9129"}],"collection":[{"href":"https:\/\/camilaherreracr.com\/artdesigns\/wp-json\/wp\/v2\/product"}],"about":[{"href":"https:\/\/camilaherreracr.com\/artdesigns\/wp-json\/wp\/v2\/types\/product"}],"replies":[{"embeddable":true,"href":"https:\/\/camilaherreracr.com\/artdesigns\/wp-json\/wp\/v2\/comments?post=9129"}],"version-history":[{"count":1,"href":"https:\/\/camilaherreracr.com\/artdesigns\/wp-json\/wp\/v2\/product\/9129\/revisions"}],"predecessor-version":[{"id":10189,"href":"https:\/\/camilaherreracr.com\/artdesigns\/wp-json\/wp\/v2\/product\/9129\/revisions\/10189"}],"wp:featuredmedia":[{"embeddable":true,"href":"https:\/\/camilaherreracr.com\/artdesigns\/wp-json\/wp\/v2\/media\/9128"}],"wp:attachment":[{"href":"https:\/\/camilaherreracr.com\/artdesigns\/wp-json\/wp\/v2\/media?parent=9129"}],"wp:term":[{"taxonomy":"product_cat","embeddable":true,"href":"https:\/\/camilaherreracr.com\/artdesigns\/wp-json\/wp\/v2\/product_cat?post=9129"},{"taxonomy":"product_tag","embeddable":true,"href":"https:\/\/camilaherreracr.com\/artdesigns\/wp-json\/wp\/v2\/product_tag?post=9129"}],"curies":[{"name":"wp","href":"https:\/\/api.w.org\/{rel}","templated":true}]}}