{"id":10510,"date":"2025-10-15T06:33:40","date_gmt":"2025-10-15T12:33:40","guid":{"rendered":"https:\/\/camilaherreracr.com\/artdesigns\/?post_type=product&#038;p=10510"},"modified":"2026-02-11T17:12:56","modified_gmt":"2026-02-11T23:12:56","slug":"nasira-2","status":"publish","type":"product","link":"https:\/\/camilaherreracr.com\/artdesigns\/producto\/nasira-2\/","title":{"rendered":"Nasira"},"content":{"rendered":"<p>Este tocado presenta hojas en tono blanco tornasol confeccionadas a mano desde 0, que capturan la luz de forma sutil y elegante. Su dise\u00f1o aporta un toque et\u00e9reo, ideal para novias que buscan una pieza \u00fanica y sofisticada que combine belleza cl\u00e1sica y modernidad. Perfecto para un look nupcial elegante y fresco.<\/p>\n","protected":false},"excerpt":{"rendered":"<p>Elegante tocado con hojas en blanco tornasol confeccionadas a mano desde 0, que brillan sutilmente. Perfecto para un look nupcial, sofisticado y cl\u00e1sico.<\/p>\n","protected":false},"featured_media":10511,"comment_status":"open","ping_status":"closed","template":"","meta":{"om_disable_all_campaigns":false,"_monsterinsights_skip_tracking":false,"_monsterinsights_sitenote_active":false,"_monsterinsights_sitenote_note":"","_monsterinsights_sitenote_category":0,"_uf_show_specific_survey":0,"_uf_disable_surveys":false},"product_cat":[228],"product_tag":[194,186,230,185],"aioseo_notices":[],"jetpack_sharing_enabled":true,"_links":{"self":[{"href":"https:\/\/camilaherreracr.com\/artdesigns\/wp-json\/wp\/v2\/product\/10510"}],"collection":[{"href":"https:\/\/camilaherreracr.com\/artdesigns\/wp-json\/wp\/v2\/product"}],"about":[{"href":"https:\/\/camilaherreracr.com\/artdesigns\/wp-json\/wp\/v2\/types\/product"}],"replies":[{"embeddable":true,"href":"https:\/\/camilaherreracr.com\/artdesigns\/wp-json\/wp\/v2\/comments?post=10510"}],"version-history":[{"count":1,"href":"https:\/\/camilaherreracr.com\/artdesigns\/wp-json\/wp\/v2\/product\/10510\/revisions"}],"predecessor-version":[{"id":10518,"href":"https:\/\/camilaherreracr.com\/artdesigns\/wp-json\/wp\/v2\/product\/10510\/revisions\/10518"}],"wp:featuredmedia":[{"embeddable":true,"href":"https:\/\/camilaherreracr.com\/artdesigns\/wp-json\/wp\/v2\/media\/10511"}],"wp:attachment":[{"href":"https:\/\/camilaherreracr.com\/artdesigns\/wp-json\/wp\/v2\/media?parent=10510"}],"wp:term":[{"taxonomy":"product_cat","embeddable":true,"href":"https:\/\/camilaherreracr.com\/artdesigns\/wp-json\/wp\/v2\/product_cat?post=10510"},{"taxonomy":"product_tag","embeddable":true,"href":"https:\/\/camilaherreracr.com\/artdesigns\/wp-json\/wp\/v2\/product_tag?post=10510"}],"curies":[{"name":"wp","href":"https:\/\/api.w.org\/{rel}","templated":true}]}}